{"id":1123,"date":"2021-09-10T10:52:42","date_gmt":"2021-09-10T14:52:42","guid":{"rendered":"https:\/\/memetic.media\/fabrica\/?post_type=proyecto&#038;p=1123"},"modified":"2024-02-05T12:29:02","modified_gmt":"2024-02-05T16:29:02","slug":"la-imagen-del-informe-anual-de-derechos-humanos-en-paraguay","status":"publish","type":"proyecto","link":"https:\/\/memetic.media\/fabrica\/proyecto\/la-imagen-del-informe-anual-de-derechos-humanos-en-paraguay\/","title":{"rendered":"La imagen del informe anual de derechos humanos en Paraguay"},"content":{"rendered":"\n<p class=\"has-drop-cap\">El informe Derechos Humanos en Paraguay es una publicaci\u00f3n fundamental para la sociedad civil del pa\u00eds. Publicada desde 1996, recopila el estado de la situaci\u00f3n con la participaci\u00f3n de un amplio espectro de organizaciones. Este esfuerzo editorial de la Codehupy se ha convertido, con el tiempo, en un corpus donde analizar el devenir de avances y retrocesos en derechos, los hechos que los determinaron y las acciones de reivindicaci\u00f3n.<\/p>\n\n\n\n<div style=\"height:80px\" aria-hidden=\"true\" class=\"wp-block-spacer\"><\/div>\n\n\n\n<div class=\"wp-block-columns\">\n<div class=\"wp-block-column\">\n<div class=\"wp-block-image\"><figure class=\"aligncenter size-large\"><img loading=\"lazy\" width=\"720\" height=\"1024\" src=\"https:\/\/memetic.media\/fabrica\/wp-content\/uploads\/2021\/09\/INFORME-2013-paginas-1-720x1024.png\" alt=\"\" class=\"wp-image-1250\" srcset=\"https:\/\/memetic.media\/fabrica\/wp-content\/uploads\/2021\/09\/INFORME-2013-paginas-1-720x1024.png 720w, https:\/\/memetic.media\/fabrica\/wp-content\/uploads\/2021\/09\/INFORME-2013-paginas-1-211x300.png 211w, https:\/\/memetic.media\/fabrica\/wp-content\/uploads\/2021\/09\/INFORME-2013-paginas-1-768x1092.png 768w, https:\/\/memetic.media\/fabrica\/wp-content\/uploads\/2021\/09\/INFORME-2013-paginas-1.png 854w\" sizes=\"(max-width: 720px) 100vw, 720px\" \/><\/figure><\/div>\n<\/div>\n\n\n\n<div class=\"wp-block-column\">\n<div class=\"wp-block-image\"><figure class=\"aligncenter size-large\"><img loading=\"lazy\" width=\"709\" height=\"1024\" src=\"https:\/\/memetic.media\/fabrica\/wp-content\/uploads\/2021\/09\/INFORME-2014-paginas-1-709x1024.png\" alt=\"\" class=\"wp-image-1251\" srcset=\"https:\/\/memetic.media\/fabrica\/wp-content\/uploads\/2021\/09\/INFORME-2014-paginas-1-709x1024.png 709w, https:\/\/memetic.media\/fabrica\/wp-content\/uploads\/2021\/09\/INFORME-2014-paginas-1-208x300.png 208w, https:\/\/memetic.media\/fabrica\/wp-content\/uploads\/2021\/09\/INFORME-2014-paginas-1-768x1109.png 768w, https:\/\/memetic.media\/fabrica\/wp-content\/uploads\/2021\/09\/INFORME-2014-paginas-1.png 848w\" sizes=\"(max-width: 709px) 100vw, 709px\" \/><\/figure><\/div>\n<\/div>\n\n\n\n<div class=\"wp-block-column\">\n<div class=\"wp-block-image\"><figure class=\"aligncenter size-large\"><img loading=\"lazy\" width=\"715\" height=\"1024\" src=\"https:\/\/memetic.media\/fabrica\/wp-content\/uploads\/2021\/09\/INFORME-2015-paginas-1-715x1024.png\" alt=\"\" class=\"wp-image-1252\" srcset=\"https:\/\/memetic.media\/fabrica\/wp-content\/uploads\/2021\/09\/INFORME-2015-paginas-1-715x1024.png 715w, https:\/\/memetic.media\/fabrica\/wp-content\/uploads\/2021\/09\/INFORME-2015-paginas-1-209x300.png 209w, https:\/\/memetic.media\/fabrica\/wp-content\/uploads\/2021\/09\/INFORME-2015-paginas-1-768x1100.png 768w, https:\/\/memetic.media\/fabrica\/wp-content\/uploads\/2021\/09\/INFORME-2015-paginas-1.png 850w\" sizes=\"(max-width: 715px) 100vw, 715px\" \/><\/figure><\/div>\n<\/div>\n<\/div>\n\n\n\n<p>Desde 2013, el equipo de dise\u00f1o de Memetic.Media participa del proceso en la parte conceptual y gr\u00e1fica del informe anual. Cada a\u00f1o, se trabaja para reflejar el impacto de las violaciones a los DDHH en la poblaci\u00f3n de la manera m\u00e1s sensible. Adem\u00e1s, el desaf\u00edo incluye reflejar la diversidad de personas que componen nuestra sociedad, su igualdad ante la ley y su dignidad intr\u00ednseca.<\/p>\n\n\n\n<div style=\"height:80px\" aria-hidden=\"true\" class=\"wp-block-spacer\"><\/div>\n\n\n\n<div class=\"wp-block-columns\">\n<div class=\"wp-block-column\">\n<div class=\"wp-block-image\"><figure class=\"aligncenter size-large\"><img loading=\"lazy\" width=\"715\" height=\"1024\" src=\"https:\/\/memetic.media\/fabrica\/wp-content\/uploads\/2021\/09\/INFORME-2016_Final-paginas-1-715x1024.png\" alt=\"\" class=\"wp-image-1253\" srcset=\"https:\/\/memetic.media\/fabrica\/wp-content\/uploads\/2021\/09\/INFORME-2016_Final-paginas-1-715x1024.png 715w, https:\/\/memetic.media\/fabrica\/wp-content\/uploads\/2021\/09\/INFORME-2016_Final-paginas-1-209x300.png 209w, https:\/\/memetic.media\/fabrica\/wp-content\/uploads\/2021\/09\/INFORME-2016_Final-paginas-1-768x1100.png 768w, https:\/\/memetic.media\/fabrica\/wp-content\/uploads\/2021\/09\/INFORME-2016_Final-paginas-1.png 850w\" sizes=\"(max-width: 715px) 100vw, 715px\" \/><\/figure><\/div>\n<\/div>\n\n\n\n<div class=\"wp-block-column\">\n<div class=\"wp-block-image\"><figure class=\"aligncenter size-large\"><img loading=\"lazy\" width=\"715\" height=\"1024\" src=\"https:\/\/memetic.media\/fabrica\/wp-content\/uploads\/2021\/09\/Informe-de-DDHH-2017-paginas-1-715x1024.png\" alt=\"\" class=\"wp-image-1255\" srcset=\"https:\/\/memetic.media\/fabrica\/wp-content\/uploads\/2021\/09\/Informe-de-DDHH-2017-paginas-1-715x1024.png 715w, https:\/\/memetic.media\/fabrica\/wp-content\/uploads\/2021\/09\/Informe-de-DDHH-2017-paginas-1-209x300.png 209w, https:\/\/memetic.media\/fabrica\/wp-content\/uploads\/2021\/09\/Informe-de-DDHH-2017-paginas-1-768x1100.png 768w, https:\/\/memetic.media\/fabrica\/wp-content\/uploads\/2021\/09\/Informe-de-DDHH-2017-paginas-1.png 850w\" sizes=\"(max-width: 715px) 100vw, 715px\" \/><\/figure><\/div>\n<\/div>\n<\/div>\n\n\n\n<p>Durante ocho a\u00f1os, el proceso de aprendizaje fue mutuo y fruct\u00edfero, tanto de parte de las organizaciones involucradas como del equipo de dise\u00f1o. El intercambio de ideas, el an\u00e1lisis del contexto vinculado a su representaci\u00f3n visual y, sobre todo, la posibilidad de reflexionar sobre el camino recorrido, nos permitieron acumular aprendizajes y compartirlos.<\/p>\n\n\n\n<div style=\"height:80px\" aria-hidden=\"true\" class=\"wp-block-spacer\"><\/div>\n\n\n\n<div class=\"wp-block-columns\">\n<div class=\"wp-block-column\">\n<div class=\"wp-block-image\"><figure class=\"aligncenter size-large\"><img loading=\"lazy\" width=\"715\" height=\"1024\" src=\"https:\/\/memetic.media\/fabrica\/wp-content\/uploads\/2021\/09\/Informe-de-DDHH_2018-paginas-1-715x1024.png\" alt=\"\" class=\"wp-image-1254\" srcset=\"https:\/\/memetic.media\/fabrica\/wp-content\/uploads\/2021\/09\/Informe-de-DDHH_2018-paginas-1-715x1024.png 715w, https:\/\/memetic.media\/fabrica\/wp-content\/uploads\/2021\/09\/Informe-de-DDHH_2018-paginas-1-209x300.png 209w, https:\/\/memetic.media\/fabrica\/wp-content\/uploads\/2021\/09\/Informe-de-DDHH_2018-paginas-1-768x1100.png 768w, https:\/\/memetic.media\/fabrica\/wp-content\/uploads\/2021\/09\/Informe-de-DDHH_2018-paginas-1.png 850w\" sizes=\"(max-width: 715px) 100vw, 715px\" \/><\/figure><\/div>\n<\/div>\n\n\n\n<div class=\"wp-block-column\">\n<div class=\"wp-block-image\"><figure class=\"aligncenter size-large\"><img loading=\"lazy\" width=\"715\" height=\"1024\" src=\"https:\/\/memetic.media\/fabrica\/wp-content\/uploads\/2021\/09\/Informe-de-DDHH-2019-paginas-1-715x1024.png\" alt=\"\" class=\"wp-image-1256\" srcset=\"https:\/\/memetic.media\/fabrica\/wp-content\/uploads\/2021\/09\/Informe-de-DDHH-2019-paginas-1-715x1024.png 715w, https:\/\/memetic.media\/fabrica\/wp-content\/uploads\/2021\/09\/Informe-de-DDHH-2019-paginas-1-209x300.png 209w, https:\/\/memetic.media\/fabrica\/wp-content\/uploads\/2021\/09\/Informe-de-DDHH-2019-paginas-1-768x1100.png 768w, https:\/\/memetic.media\/fabrica\/wp-content\/uploads\/2021\/09\/Informe-de-DDHH-2019-paginas-1.png 850w\" sizes=\"(max-width: 715px) 100vw, 715px\" \/><\/figure><\/div>\n<\/div>\n<\/div>\n\n\n\n<p>En 2020, con motivo del 25 aniversario del informe, la ilustraci\u00f3n se volvi\u00f3 celebratoria del logro y, en consecuencia, se ilustr\u00f3 el cumplimiento de derechos como un estado posible de situaci\u00f3n, la aspiraci\u00f3n a una vida m\u00e1s digna para todas las personas. Estas ilustraciones cumplen, adem\u00e1s, la funci\u00f3n de unificar la comunicaci\u00f3n institucional de la organizaci\u00f3n durante el a\u00f1o siguiente a cada informe.<\/p>\n\n\n\n<div style=\"height:80px\" aria-hidden=\"true\" class=\"wp-block-spacer\"><\/div>\n\n\n\n<div class=\"wp-block-columns\">\n<div class=\"wp-block-column\">\n<div class=\"wp-block-image\"><figure class=\"aligncenter size-full is-resized\"><img loading=\"lazy\" src=\"https:\/\/memetic.media\/fabrica\/wp-content\/uploads\/2021\/09\/TAPADDHH2020D.png\" alt=\"\" class=\"wp-image-1257\" width=\"1120\" height=\"1400\"\/><\/figure><\/div>\n<\/div>\n<\/div>\n\n\n\n<p>Los a\u00f1os 2021 y 2022 se vieron atravesados por la protesta social ante la crisis de salud y \u2013principalmente\u2013 la concentraci\u00f3n del poder. Estas ediciones ilustran la confrontaci\u00f3n entre una figura masculina fuera de escala conteniendo escenas que amenazan los derechos humanos por un lado y, por el otro, escenas de organizaci\u00f3n y luchas a favor de la vida y la dignidad. En ambos a\u00f1os se trabaj\u00f3 la ilustraci\u00f3n buscando reflejar la situaci\u00f3n de concentraci\u00f3n antidemocr\u00e1tica del poder en un solo personaje, sin dejar de observar la resistencias que se le oponen.<\/p>\n\n\n\n<div style=\"height:100px\" aria-hidden=\"true\" class=\"wp-block-spacer\"><\/div>\n\n\n\n<div class=\"wp-block-columns\">\n<div class=\"wp-block-column\">\n<figure class=\"wp-block-image size-large\"><img loading=\"lazy\" width=\"714\" height=\"1024\" src=\"https:\/\/memetic.media\/fabrica\/wp-content\/uploads\/2024\/01\/DDHH-portada-2021-01-1-714x1024.png\" alt=\"\" class=\"wp-image-1479\" srcset=\"https:\/\/memetic.media\/fabrica\/wp-content\/uploads\/2024\/01\/DDHH-portada-2021-01-1-714x1024.png 714w, https:\/\/memetic.media\/fabrica\/wp-content\/uploads\/2024\/01\/DDHH-portada-2021-01-1-209x300.png 209w, https:\/\/memetic.media\/fabrica\/wp-content\/uploads\/2024\/01\/DDHH-portada-2021-01-1-768x1101.png 768w, https:\/\/memetic.media\/fabrica\/wp-content\/uploads\/2024\/01\/DDHH-portada-2021-01-1.png 886w\" sizes=\"(max-width: 714px) 100vw, 714px\" \/><\/figure>\n<\/div>\n\n\n\n<div class=\"wp-block-column\">\n<figure class=\"wp-block-image size-large\"><img loading=\"lazy\" width=\"714\" height=\"1024\" src=\"https:\/\/memetic.media\/fabrica\/wp-content\/uploads\/2024\/01\/DDHH-portada-2022-01-714x1024.png\" alt=\"\" class=\"wp-image-1480\" srcset=\"https:\/\/memetic.media\/fabrica\/wp-content\/uploads\/2024\/01\/DDHH-portada-2022-01-714x1024.png 714w, https:\/\/memetic.media\/fabrica\/wp-content\/uploads\/2024\/01\/DDHH-portada-2022-01-209x300.png 209w, https:\/\/memetic.media\/fabrica\/wp-content\/uploads\/2024\/01\/DDHH-portada-2022-01-768x1101.png 768w, https:\/\/memetic.media\/fabrica\/wp-content\/uploads\/2024\/01\/DDHH-portada-2022-01.png 886w\" sizes=\"(max-width: 714px) 100vw, 714px\" \/><\/figure>\n<\/div>\n<\/div>\n\n\n\n<p>Para la edici\u00f3n del 2023, la publicaci\u00f3n tuvo como foco editorial a los derechos humanos atravesados por la perspectiva de g\u00e9nero.<strong> <\/strong>Dentro del equipo de dise\u00f1o, se tom\u00f3 la decisi\u00f3n de ser consecuentes y tomaron el encargo Lorena Barrios, en ilustraci\u00f3n y Guadalupe Lobo en direcci\u00f3n de arte. Se propuso un cambio en el punto de vista de la ilustraci\u00f3n, mediante una figura central femenina conteniendo escenas de dignidad y resistencia, aportando as\u00ed una visi\u00f3n m\u00e1s propositiva y esperanzadora. Se ampli\u00f3 tambi\u00e9n la mirada hacia el g\u00e9nero, con una posici\u00f3n central y activa que puede modificar positivamente el acceso a los derechos humanos.<\/p>\n\n\n\n<p><br><\/p>\n\n\n\n<div class=\"wp-block-image\"><figure class=\"aligncenter size-large\"><img loading=\"lazy\" width=\"739\" height=\"1024\" src=\"https:\/\/memetic.media\/fabrica\/wp-content\/uploads\/2024\/01\/DDHH_portada_2023_Color_1-1-739x1024.png\" alt=\"\" class=\"wp-image-1482\" srcset=\"https:\/\/memetic.media\/fabrica\/wp-content\/uploads\/2024\/01\/DDHH_portada_2023_Color_1-1-739x1024.png 739w, https:\/\/memetic.media\/fabrica\/wp-content\/uploads\/2024\/01\/DDHH_portada_2023_Color_1-1-216x300.png 216w, https:\/\/memetic.media\/fabrica\/wp-content\/uploads\/2024\/01\/DDHH_portada_2023_Color_1-1-768x1065.png 768w, https:\/\/memetic.media\/fabrica\/wp-content\/uploads\/2024\/01\/DDHH_portada_2023_Color_1-1.png 916w\" sizes=\"(max-width: 739px) 100vw, 739px\" \/><\/figure><\/div>\n","protected":false},"excerpt":{"rendered":"<p>A\u00f1o a a\u00f1o, ilustramos la identidad de un documento fundamental para la sociedad civil paraguaya.<\/p>\n","protected":false},"featured_media":1487,"template":"","categories":[],"tags":[],"acf":[],"_links":{"self":[{"href":"https:\/\/memetic.media\/fabrica\/wp-json\/wp\/v2\/proyecto\/1123"}],"collection":[{"href":"https:\/\/memetic.media\/fabrica\/wp-json\/wp\/v2\/proyecto"}],"about":[{"href":"https:\/\/memetic.media\/fabrica\/wp-json\/wp\/v2\/types\/proyecto"}],"wp:featuredmedia":[{"embeddable":true,"href":"https:\/\/memetic.media\/fabrica\/wp-json\/wp\/v2\/media\/1487"}],"wp:attachment":[{"href":"https:\/\/memetic.media\/fabrica\/wp-json\/wp\/v2\/media?parent=1123"}],"wp:term":[{"taxonomy":"category","embeddable":true,"href":"https:\/\/memetic.media\/fabrica\/wp-json\/wp\/v2\/categories?post=1123"},{"taxonomy":"post_tag","embeddable":true,"href":"https:\/\/memetic.media\/fabrica\/wp-json\/wp\/v2\/tags?post=1123"}],"curies":[{"name":"wp","href":"https:\/\/api.w.org\/{rel}","templated":true}]}}

<p class="has-drop-cap">El informe Derechos Humanos en Paraguay es una publicación fundamental para la sociedad civil del país. Publicada desde 1996, recopila el estado de la situación con la participación de un amplio espectro de organizaciones. Este esfuerzo editorial de la Codehupy se ha convertido, con el tiempo, en un corpus donde analizar el devenir de avances y retrocesos en derechos, los hechos que los determinaron y las acciones de reivindicación.</p>



<div style="height:80px" aria-hidden="true" class="wp-block-spacer"></div>



<div class="wp-block-columns">
<div class="wp-block-column">
<div class="wp-block-image"><figure class="aligncenter size-large"><img loading="lazy" width="720" height="1024" src="https://memetic.media/fabrica/wp-content/uploads/2021/09/INFORME-2013-paginas-1-720x1024.png" alt="" class="wp-image-1250" srcset="https://memetic.media/fabrica/wp-content/uploads/2021/09/INFORME-2013-paginas-1-720x1024.png 720w, https://memetic.media/fabrica/wp-content/uploads/2021/09/INFORME-2013-paginas-1-211x300.png 211w, https://memetic.media/fabrica/wp-content/uploads/2021/09/INFORME-2013-paginas-1-768x1092.png 768w, https://memetic.media/fabrica/wp-content/uploads/2021/09/INFORME-2013-paginas-1.png 854w" sizes="(max-width: 720px) 100vw, 720px" /></figure></div>
</div>



<div class="wp-block-column">
<div class="wp-block-image"><figure class="aligncenter size-large"><img loading="lazy" width="709" height="1024" src="https://memetic.media/fabrica/wp-content/uploads/2021/09/INFORME-2014-paginas-1-709x1024.png" alt="" class="wp-image-1251" srcset="https://memetic.media/fabrica/wp-content/uploads/2021/09/INFORME-2014-paginas-1-709x1024.png 709w, https://memetic.media/fabrica/wp-content/uploads/2021/09/INFORME-2014-paginas-1-208x300.png 208w, https://memetic.media/fabrica/wp-content/uploads/2021/09/INFORME-2014-paginas-1-768x1109.png 768w, https://memetic.media/fabrica/wp-content/uploads/2021/09/INFORME-2014-paginas-1.png 848w" sizes="(max-width: 709px) 100vw, 709px" /></figure></div>
</div>



<div class="wp-block-column">
<div class="wp-block-image"><figure class="aligncenter size-large"><img loading="lazy" width="715" height="1024" src="https://memetic.media/fabrica/wp-content/uploads/2021/09/INFORME-2015-paginas-1-715x1024.png" alt="" class="wp-image-1252" srcset="https://memetic.media/fabrica/wp-content/uploads/2021/09/INFORME-2015-paginas-1-715x1024.png 715w, https://memetic.media/fabrica/wp-content/uploads/2021/09/INFORME-2015-paginas-1-209x300.png 209w, https://memetic.media/fabrica/wp-content/uploads/2021/09/INFORME-2015-paginas-1-768x1100.png 768w, https://memetic.media/fabrica/wp-content/uploads/2021/09/INFORME-2015-paginas-1.png 850w" sizes="(max-width: 715px) 100vw, 715px" /></figure></div>
</div>
</div>



<p>Desde 2013, el equipo de diseño de Memetic.Media participa del proceso en la parte conceptual y gráfica del informe anual. Cada año, se trabaja para reflejar el impacto de las violaciones a los DDHH en la población de la manera más sensible. Además, el desafío incluye reflejar la diversidad de personas que componen nuestra sociedad, su igualdad ante la ley y su dignidad intrínseca.</p>



<div style="height:80px" aria-hidden="true" class="wp-block-spacer"></div>



<div class="wp-block-columns">
<div class="wp-block-column">
<div class="wp-block-image"><figure class="aligncenter size-large"><img loading="lazy" width="715" height="1024" src="https://memetic.media/fabrica/wp-content/uploads/2021/09/INFORME-2016_Final-paginas-1-715x1024.png" alt="" class="wp-image-1253" srcset="https://memetic.media/fabrica/wp-content/uploads/2021/09/INFORME-2016_Final-paginas-1-715x1024.png 715w, https://memetic.media/fabrica/wp-content/uploads/2021/09/INFORME-2016_Final-paginas-1-209x300.png 209w, https://memetic.media/fabrica/wp-content/uploads/2021/09/INFORME-2016_Final-paginas-1-768x1100.png 768w, https://memetic.media/fabrica/wp-content/uploads/2021/09/INFORME-2016_Final-paginas-1.png 850w" sizes="(max-width: 715px) 100vw, 715px" /></figure></div>
</div>



<div class="wp-block-column">
<div class="wp-block-image"><figure class="aligncenter size-large"><img loading="lazy" width="715" height="1024" src="https://memetic.media/fabrica/wp-content/uploads/2021/09/Informe-de-DDHH-2017-paginas-1-715x1024.png" alt="" class="wp-image-1255" srcset="https://memetic.media/fabrica/wp-content/uploads/2021/09/Informe-de-DDHH-2017-paginas-1-715x1024.png 715w, https://memetic.media/fabrica/wp-content/uploads/2021/09/Informe-de-DDHH-2017-paginas-1-209x300.png 209w, https://memetic.media/fabrica/wp-content/uploads/2021/09/Informe-de-DDHH-2017-paginas-1-768x1100.png 768w, https://memetic.media/fabrica/wp-content/uploads/2021/09/Informe-de-DDHH-2017-paginas-1.png 850w" sizes="(max-width: 715px) 100vw, 715px" /></figure></div>
</div>
</div>



<p>Durante ocho años, el proceso de aprendizaje fue mutuo y fructífero, tanto de parte de las organizaciones involucradas como del equipo de diseño. El intercambio de ideas, el análisis del contexto vinculado a su representación visual y, sobre todo, la posibilidad de reflexionar sobre el camino recorrido, nos permitieron acumular aprendizajes y compartirlos.</p>



<div style="height:80px" aria-hidden="true" class="wp-block-spacer"></div>



<div class="wp-block-columns">
<div class="wp-block-column">
<div class="wp-block-image"><figure class="aligncenter size-large"><img loading="lazy" width="715" height="1024" src="https://memetic.media/fabrica/wp-content/uploads/2021/09/Informe-de-DDHH_2018-paginas-1-715x1024.png" alt="" class="wp-image-1254" srcset="https://memetic.media/fabrica/wp-content/uploads/2021/09/Informe-de-DDHH_2018-paginas-1-715x1024.png 715w, https://memetic.media/fabrica/wp-content/uploads/2021/09/Informe-de-DDHH_2018-paginas-1-209x300.png 209w, https://memetic.media/fabrica/wp-content/uploads/2021/09/Informe-de-DDHH_2018-paginas-1-768x1100.png 768w, https://memetic.media/fabrica/wp-content/uploads/2021/09/Informe-de-DDHH_2018-paginas-1.png 850w" sizes="(max-width: 715px) 100vw, 715px" /></figure></div>
</div>



<div class="wp-block-column">
<div class="wp-block-image"><figure class="aligncenter size-large"><img loading="lazy" width="715" height="1024" src="https://memetic.media/fabrica/wp-content/uploads/2021/09/Informe-de-DDHH-2019-paginas-1-715x1024.png" alt="" class="wp-image-1256" srcset="https://memetic.media/fabrica/wp-content/uploads/2021/09/Informe-de-DDHH-2019-paginas-1-715x1024.png 715w, https://memetic.media/fabrica/wp-content/uploads/2021/09/Informe-de-DDHH-2019-paginas-1-209x300.png 209w, https://memetic.media/fabrica/wp-content/uploads/2021/09/Informe-de-DDHH-2019-paginas-1-768x1100.png 768w, https://memetic.media/fabrica/wp-content/uploads/2021/09/Informe-de-DDHH-2019-paginas-1.png 850w" sizes="(max-width: 715px) 100vw, 715px" /></figure></div>
</div>
</div>



<p>En 2020, con motivo del 25 aniversario del informe, la ilustración se volvió celebratoria del logro y, en consecuencia, se ilustró el cumplimiento de derechos como un estado posible de situación, la aspiración a una vida más digna para todas las personas. Estas ilustraciones cumplen, además, la función de unificar la comunicación institucional de la organización durante el año siguiente a cada informe.</p>



<div style="height:80px" aria-hidden="true" class="wp-block-spacer"></div>



<div class="wp-block-columns">
<div class="wp-block-column">
<div class="wp-block-image"><figure class="aligncenter size-full is-resized"><img loading="lazy" src="https://memetic.media/fabrica/wp-content/uploads/2021/09/TAPADDHH2020D.png" alt="" class="wp-image-1257" width="1120" height="1400"/></figure></div>
</div>
</div>



<p>Los años 2021 y 2022 se vieron atravesados por la protesta social ante la crisis de salud y –principalmente– la concentración del poder. Estas ediciones ilustran la confrontación entre una figura masculina fuera de escala conteniendo escenas que amenazan los derechos humanos por un lado y, por el otro, escenas de organización y luchas a favor de la vida y la dignidad. En ambos años se trabajó la ilustración buscando reflejar la situación de concentración antidemocrática del poder en un solo personaje, sin dejar de observar la resistencias que se le oponen.</p>



<div style="height:100px" aria-hidden="true" class="wp-block-spacer"></div>



<div class="wp-block-columns">
<div class="wp-block-column">
<figure class="wp-block-image size-large"><img loading="lazy" width="714" height="1024" src="https://memetic.media/fabrica/wp-content/uploads/2024/01/DDHH-portada-2021-01-1-714x1024.png" alt="" class="wp-image-1479" srcset="https://memetic.media/fabrica/wp-content/uploads/2024/01/DDHH-portada-2021-01-1-714x1024.png 714w, https://memetic.media/fabrica/wp-content/uploads/2024/01/DDHH-portada-2021-01-1-209x300.png 209w, https://memetic.media/fabrica/wp-content/uploads/2024/01/DDHH-portada-2021-01-1-768x1101.png 768w, https://memetic.media/fabrica/wp-content/uploads/2024/01/DDHH-portada-2021-01-1.png 886w" sizes="(max-width: 714px) 100vw, 714px" /></figure>
</div>



<div class="wp-block-column">
<figure class="wp-block-image size-large"><img loading="lazy" width="714" height="1024" src="https://memetic.media/fabrica/wp-content/uploads/2024/01/DDHH-portada-2022-01-714x1024.png" alt="" class="wp-image-1480" srcset="https://memetic.media/fabrica/wp-content/uploads/2024/01/DDHH-portada-2022-01-714x1024.png 714w, https://memetic.media/fabrica/wp-content/uploads/2024/01/DDHH-portada-2022-01-209x300.png 209w, https://memetic.media/fabrica/wp-content/uploads/2024/01/DDHH-portada-2022-01-768x1101.png 768w, https://memetic.media/fabrica/wp-content/uploads/2024/01/DDHH-portada-2022-01.png 886w" sizes="(max-width: 714px) 100vw, 714px" /></figure>
</div>
</div>



<p>Para la edición del 2023, la publicación tuvo como foco editorial a los derechos humanos atravesados por la perspectiva de género.<strong> </strong>Dentro del equipo de diseño, se tomó la decisión de ser consecuentes y tomaron el encargo Lorena Barrios, en ilustración y Guadalupe Lobo en dirección de arte. Se propuso un cambio en el punto de vista de la ilustración, mediante una figura central femenina conteniendo escenas de dignidad y resistencia, aportando así una visión más propositiva y esperanzadora. Se amplió también la mirada hacia el género, con una posición central y activa que puede modificar positivamente el acceso a los derechos humanos.</p>



<p><br></p>



<div class="wp-block-image"><figure class="aligncenter size-large"><img loading="lazy" width="739" height="1024" src="https://memetic.media/fabrica/wp-content/uploads/2024/01/DDHH_portada_2023_Color_1-1-739x1024.png" alt="" class="wp-image-1482" srcset="https://memetic.media/fabrica/wp-content/uploads/2024/01/DDHH_portada_2023_Color_1-1-739x1024.png 739w, https://memetic.media/fabrica/wp-content/uploads/2024/01/DDHH_portada_2023_Color_1-1-216x300.png 216w, https://memetic.media/fabrica/wp-content/uploads/2024/01/DDHH_portada_2023_Color_1-1-768x1065.png 768w, https://memetic.media/fabrica/wp-content/uploads/2024/01/DDHH_portada_2023_Color_1-1.png 916w" sizes="(max-width: 739px) 100vw, 739px" /></figure></div>

<p>Año a año, ilustramos la identidad de un documento fundamental para la sociedad civil paraguaya.</p>
